{"id":192,"date":"2024-02-22T20:08:22","date_gmt":"2024-02-22T19:08:22","guid":{"rendered":"https:\/\/masdesvolques.fr\/?page_id=192"},"modified":"2024-02-22T20:42:47","modified_gmt":"2024-02-22T19:42:47","slug":"volcae","status":"publish","type":"page","link":"https:\/\/masdesvolques.fr\/index.php\/volcae\/","title":{"rendered":""},"content":{"rendered":"\n<div class=\"wp-block-group is-style-default has-light-background-background-color has-background has-global-padding is-layout-constrained wp-container-core-group-is-layout-02ab25f7 wp-block-group-is-layout-constrained\" style=\"padding-top:60px;padding-bottom:60px;padding-left:0\">\n<div class=\"wp-block-group has-global-padding is-layout-constrained wp-block-group-is-layout-constrained\">\n<div class=\"wp-block-columns has-white-background-color has-background is-layout-flex wp-container-core-columns-is-layout-d7d455e7 wp-block-columns-is-layout-flex\" style=\"padding-top:0;padding-right:0;padding-bottom:0;padding-left:0\">\n<div class=\"wp-block-column is-vertically-aligned-top is-layout-flow wp-block-column-is-layout-flow\" style=\"flex-basis:50%\">\n<figure class=\"wp-block-image aligncenter size-full is-resized\"><img loading=\"lazy\" decoding=\"async\" width=\"245\" height=\"780\" src=\"http:\/\/masdesvolques.fr\/wp-content\/uploads\/2024\/02\/Mas-des-volques_Volcae.png\" alt=\"\" class=\"wp-image-225\" style=\"width:284px;height:auto\" srcset=\"https:\/\/masdesvolques.fr\/wp-content\/uploads\/2024\/02\/Mas-des-volques_Volcae.png 245w, https:\/\/masdesvolques.fr\/wp-content\/uploads\/2024\/02\/Mas-des-volques_Volcae-94x300.png 94w\" sizes=\"auto, (max-width: 245px) 100vw, 245px\" \/><\/figure>\n<\/div>\n\n\n\n<div class=\"wp-block-column is-vertically-aligned-center is-layout-flow wp-block-column-is-layout-flow\" style=\"padding-left:0;flex-basis:50%\">\n<h1 class=\"wp-block-heading\" style=\"font-size:clamp(25.5px, 1.594rem + ((1vw - 3.2px) * 1.823), 43px);\">VOLCAE<\/h1>\n\n\n\n<p>DUCH\u00c9 D&rsquo;UZ\u00c8S &#8211; Rouge<\/p>\n\n\n\n<hr class=\"wp-block-separator has-alpha-channel-opacity is-style-wide\"\/>\n\n\n\n<h2 class=\"wp-block-heading\">C\u00e9pages<\/h2>\n\n\n\n<ul class=\"wp-block-list\">\n<li>Syrah 40 %<\/li>\n\n\n\n<li>Grenache 35 %<\/li>\n\n\n\n<li>Carignan 25 %<\/li>\n<\/ul>\n\n\n\n<h2 class=\"wp-block-heading\">Elevage et vinification<\/h2>\n\n\n\n<p>Le domaine est en certification HVE (Haute Valeur Environnementale) pour faire reconna\u00eetre ses pratiques responsables et protectrices de la nature. Le sol est travaill\u00e9 m\u00e9caniquement ou enherb\u00e9. Les rendements sont tr\u00e8s faibles, de l\u2019ordre de 25 hl\/ha. Les diff\u00e9rents c\u00e9pages sont r\u00e9colt\u00e9s et vinifi\u00e9s s\u00e9par\u00e9ment. La vendange est \u00e9grapp\u00e9e puis encuv\u00e9e pour 5 \u00e0 6 semaines avec d\u00e9lestages et pigeages r\u00e9guliers. Syrah et carignan sont ensuite \u00e9lev\u00e9s en f\u00fbt de ch\u00eane fran\u00e7ais pendant 12 mois, le grenache est \u00e9lev\u00e9 en cuve b\u00e9ton.<\/p>\n\n\n\n<h2 class=\"wp-block-heading\">Notes de d\u00e9gustation<\/h2>\n\n\n\n<p>Cette cuv\u00e9e h\u00e9rite son nom d\u2019une tribu gauloise ayant peupl\u00e9 la r\u00e9gion et cultiv\u00e9 la vigne il y a plus de 2000 ans. De ces racines bien lointaines, ce vin a gard\u00e9 un caract\u00e8re affirm\u00e9 : sa robe est profonde et soutenue, son nez, riche d\u2019ar\u00f4mes de prune et de cerises noires&#8230; mais on sent que la garrigue n\u2019est pas loin. Dense et soyeuse, la bouche d\u00e9voile des tanins raffin\u00e9s et s\u2019ach\u00e8ve par une longue finale. Production : 9000 bouteilles.<\/p>\n<\/div>\n<\/div>\n<\/div>\n<\/div>\n\n\n\n<div class=\"wp-block-group has-global-padding is-layout-constrained wp-block-group-is-layout-constrained\">\n<div class=\"wp-block-group is-layout-flow wp-block-group-is-layout-flow\">\n<div class=\"wp-block-columns is-layout-flex wp-container-core-columns-is-layout-28f84493 wp-block-columns-is-layout-flex\">\n<div class=\"wp-block-column is-style-default is-layout-flow wp-block-column-is-layout-flow\" style=\"border-style:none;border-width:0px;padding-top:0;padding-right:0;padding-bottom:0;padding-left:0\"><\/div>\n\n\n\n<div class=\"wp-block-column is-style-default is-layout-flow wp-block-column-is-layout-flow\" style=\"border-style:none;border-width:0px;padding-top:0;padding-right:var(--wp--preset--spacing--x-small);padding-bottom:0;padding-left:var(--wp--preset--spacing--x-small)\"><\/div>\n<\/div>\n<\/div>\n<\/div>\n","protected":false},"excerpt":{"rendered":"<p>VOLCAE DUCH\u00c9 D&rsquo;UZ\u00c8S &#8211; Rouge C\u00e9pages Elevage et vinification Le domaine est en certification HVE (Haute Valeur Environnementale) pour faire reconna\u00eetre ses pratiques responsables et protectrices de la nature. Le sol est travaill\u00e9 m\u00e9caniquement ou enherb\u00e9. Les rendements sont tr\u00e8s faibles, de l\u2019ordre de 25 hl\/ha. Les diff\u00e9rents c\u00e9pages sont r\u00e9colt\u00e9s et vinifi\u00e9s s\u00e9par\u00e9ment. La &hellip; <\/p>\n<p class=\"link-more\"><a href=\"https:\/\/masdesvolques.fr\/index.php\/volcae\/\" class=\"more-link\">Lire la suite de<span class=\"screen-reader-text\">\u00ab\u00a0\u00a0\u00bb<\/span><\/a><\/p>\n","protected":false},"author":1,"featured_media":0,"parent":0,"menu_order":0,"comment_status":"closed","ping_status":"closed","template":"","meta":{"footnotes":""},"class_list":["post-192","page","type-page","status-publish","hentry"],"featured_media_urls":[],"_links":{"self":[{"href":"https:\/\/masdesvolques.fr\/index.php\/wp-json\/wp\/v2\/pages\/192","targetHints":{"allow":["GET"]}}],"collection":[{"href":"https:\/\/masdesvolques.fr\/index.php\/wp-json\/wp\/v2\/pages"}],"about":[{"href":"https:\/\/masdesvolques.fr\/index.php\/wp-json\/wp\/v2\/types\/page"}],"author":[{"embeddable":true,"href":"https:\/\/masdesvolques.fr\/index.php\/wp-json\/wp\/v2\/users\/1"}],"replies":[{"embeddable":true,"href":"https:\/\/masdesvolques.fr\/index.php\/wp-json\/wp\/v2\/comments?post=192"}],"version-history":[{"count":3,"href":"https:\/\/masdesvolques.fr\/index.php\/wp-json\/wp\/v2\/pages\/192\/revisions"}],"predecessor-version":[{"id":226,"href":"https:\/\/masdesvolques.fr\/index.php\/wp-json\/wp\/v2\/pages\/192\/revisions\/226"}],"wp:attachment":[{"href":"https:\/\/masdesvolques.fr\/index.php\/wp-json\/wp\/v2\/media?parent=192"}],"curies":[{"name":"wp","href":"https:\/\/api.w.org\/{rel}","templated":true}]}}