{"id":9,"date":"2024-02-20T19:50:10","date_gmt":"2024-02-20T18:50:10","guid":{"rendered":"https:\/\/masdesvolques.fr\/?page_id=9"},"modified":"2024-02-22T20:37:37","modified_gmt":"2024-02-22T19:37:37","slug":"homepage","status":"publish","type":"page","link":"https:\/\/masdesvolques.fr\/","title":{"rendered":"Homepage"},"content":{"rendered":"\n<div class=\"wp-block-cover alignfull wp-duotone-unset-1\" style=\"min-height:100vh;aspect-ratio:unset;\"><span aria-hidden=\"true\" class=\"wp-block-cover__background has-background-dim-0 has-background-dim\"><\/span><video class=\"wp-block-cover__video-background intrinsic-ignore\" autoplay muted loop playsinline src=\"http:\/\/masdesvolques.fr\/wp-content\/uploads\/2024\/02\/Gen-2-4095704071-Mas_des_volques_home-brush_A-08_1.mp4\" data-object-fit=\"cover\"><\/video><div class=\"wp-block-cover__inner-container has-global-padding is-layout-constrained wp-block-cover-is-layout-constrained\">\n<div style=\"height:55px\" aria-hidden=\"true\" class=\"wp-block-spacer\"><\/div>\n<\/div><\/div>\n\n\n\n<div class=\"wp-block-group has-global-padding is-layout-constrained wp-block-group-is-layout-constrained\">\n<div style=\"height:34px\" aria-hidden=\"true\" class=\"wp-block-spacer\"><\/div>\n\n\n\n<h2 class=\"wp-block-heading has-text-align-center has-medium-font-size\" style=\"letter-spacing:0px;text-transform:uppercase\">VIGNOBLE FAMILIAL AUX PORTES DES C\u00c9VENNES<\/h2>\n\n\n\n<p class=\"has-text-align-center\">C\u2019est en 2010 que le Mas des Volques voit le jour. La production du vignoble familial o\u00f9 se sont succ\u00e9d\u00e9es 4 g\u00e9n\u00e9rations de vignerons, \u00e9tait jusque l\u00e0 destin\u00e9e \u00e0 une cave coop\u00e9rative. Nicolas Souchon d\u00e9cide alors avec l\u2019aide et les conseils de Philippe Cambie, \u0153nologue r\u00e9put\u00e9 de la vall\u00e9e du Rh\u00f4ne, de cr\u00e9er le Mas des Volques avec les plus vieilles et les plus belles parcelles de ce vignoble. Le domaine tire son nom des vestiges d\u2019un petit village de Gaulois, les Volques Ar\u00e9comiques, d\u00e9couvert au milieu des vignes.<\/p>\n\n\n\n<div style=\"height:40px\" aria-hidden=\"true\" class=\"wp-block-spacer\"><\/div>\n<\/div>\n\n\n\n<div class=\"wp-block-group alignfull has-background has-global-padding is-layout-constrained wp-block-group-is-layout-constrained\" style=\"background-color:#f8f8f8\">\n<div class=\"wp-block-group has-global-padding is-layout-constrained wp-block-group-is-layout-constrained\" style=\"padding-top:var(--wp--preset--spacing--small);padding-bottom:var(--wp--preset--spacing--small)\">\n<div class=\"wp-block-columns are-vertically-aligned-center is-layout-flex wp-container-core-columns-is-layout-c375d253 wp-block-columns-is-layout-flex\">\n<div class=\"wp-block-column is-vertically-aligned-center is-layout-flow wp-block-column-is-layout-flow\">\n<h2 class=\"wp-block-heading has-medium-font-size\" style=\"text-transform:uppercase\">Un terroir UNIQUE<\/h2>\n\n\n\n<p>Le vignoble couvre une surface de 13 ha compos\u00e9e d\u2019un tiers de c\u00e9pages blancs et de deux tiers de c\u00e9pages noirs.<\/p>\n\n\n\n<p>C\u00f4teaux argilo-calcaires, compos\u00e9s de marnes tr\u00e8s anciennes et alt\u00e9r\u00e9es \u00e0 l\u2019origine des nombreux petits fragments calcaires pr\u00e9sents dans toutes les couches du sol. M\u00eame si les sols sont tr\u00e8s peu profonds, les racines au fil du temps s\u2019infiltrent par les fissures de la roche pour y puiser tout ce dont elles ont besoin, notamment l\u2019eau qui est si rare en p\u00e9riode estivale. Les journ\u00e9es chaudes contrastent avec la fraicheur des nuits typiques du pi\u00e9mont c\u00e9venol pour donner des vins dont la finesse et la fraicheur sont caract\u00e9ristiques.<\/p>\n<\/div>\n\n\n\n<div class=\"wp-block-column is-vertically-aligned-center is-layout-flow wp-block-column-is-layout-flow\">\n<figure class=\"wp-block-image size-large\"><img loading=\"lazy\" decoding=\"async\" width=\"2560\" height=\"1921\" src=\"https:\/\/masdesvolques.fr\/wp-content\/uploads\/2024\/02\/IMG_1656-edited-scaled.jpg\" alt=\"\" class=\"wp-image-52\" srcset=\"https:\/\/masdesvolques.fr\/wp-content\/uploads\/2024\/02\/IMG_1656-edited-scaled.jpg 2560w, https:\/\/masdesvolques.fr\/wp-content\/uploads\/2024\/02\/IMG_1656-edited-300x225.jpg 300w, https:\/\/masdesvolques.fr\/wp-content\/uploads\/2024\/02\/IMG_1656-edited-1024x768.jpg 1024w, https:\/\/masdesvolques.fr\/wp-content\/uploads\/2024\/02\/IMG_1656-edited-2000x1501.jpg 2000w\" sizes=\"auto, (max-width: 2560px) 100vw, 2560px\" \/><\/figure>\n<\/div>\n<\/div>\n\n\n\n<div style=\"height:30px\" aria-hidden=\"true\" class=\"wp-block-spacer\"><\/div>\n<\/div>\n<\/div>\n\n\n\n<div class=\"wp-block-group alignfull has-white-background-color has-background has-global-padding is-layout-constrained wp-block-group-is-layout-constrained\">\n<div class=\"wp-block-group has-global-padding is-layout-constrained wp-block-group-is-layout-constrained\" style=\"padding-top:var(--wp--preset--spacing--small);padding-bottom:var(--wp--preset--spacing--small)\">\n<div class=\"wp-block-columns are-vertically-aligned-center is-layout-flex wp-container-core-columns-is-layout-c375d253 wp-block-columns-is-layout-flex\">\n<div class=\"wp-block-column is-vertically-aligned-center is-layout-flow wp-block-column-is-layout-flow\">\n<figure class=\"wp-block-image size-large\"><img loading=\"lazy\" decoding=\"async\" width=\"1024\" height=\"768\" src=\"https:\/\/masdesvolques.fr\/wp-content\/uploads\/2024\/02\/IMG_1653_4_3-1024x768.jpg\" alt=\"\" class=\"wp-image-59\" srcset=\"https:\/\/masdesvolques.fr\/wp-content\/uploads\/2024\/02\/IMG_1653_4_3-1024x768.jpg 1024w, https:\/\/masdesvolques.fr\/wp-content\/uploads\/2024\/02\/IMG_1653_4_3-300x225.jpg 300w, https:\/\/masdesvolques.fr\/wp-content\/uploads\/2024\/02\/IMG_1653_4_3-2000x1500.jpg 2000w\" sizes=\"auto, (max-width: 1024px) 100vw, 1024px\" \/><\/figure>\n\n\n\n<p><\/p>\n<\/div>\n\n\n\n<div class=\"wp-block-column is-vertically-aligned-center is-layout-flow wp-block-column-is-layout-flow\">\n<h2 class=\"wp-block-heading has-medium-font-size\" style=\"text-transform:uppercase\">CULTURE<\/h2>\n\n\n\n<p>Les vignes sont conduites en cordon de royat. Un soin tr\u00e8s particulier est apport\u00e9 au vignoble tout au long de l\u2019ann\u00e9e. Le bois de taille est broy\u00e9 et enfoui pour restituer la mati\u00e8re organique. Le sol est travaill\u00e9 m\u00e9caniquement sans aucun herbicides deux rangs sur trois. L\u2019autre rang est quant \u00e0 lui naturellement enherb\u00e9. Ebourgeonnages, effeuillages et vendanges en vert viennent parfaire l\u2019\u00e9quilibre des vignes et leur permettre de nous offrir une vendange saine \u00e0 pleine maturit\u00e9. Depuis 2020, le domaine est certifi\u00e9 Haute Valeur Environnementale niveau 3.<\/p>\n\n\n\n<figure class=\"wp-block-image size-full is-resized\"><img loading=\"lazy\" decoding=\"async\" width=\"225\" height=\"225\" src=\"https:\/\/masdesvolques.fr\/wp-content\/uploads\/2024\/02\/HVE.png\" alt=\"\" class=\"wp-image-116\" style=\"width:90px;height:auto\" srcset=\"https:\/\/masdesvolques.fr\/wp-content\/uploads\/2024\/02\/HVE.png 225w, https:\/\/masdesvolques.fr\/wp-content\/uploads\/2024\/02\/HVE-150x150.png 150w\" sizes=\"auto, (max-width: 225px) 100vw, 225px\" \/><\/figure>\n<\/div>\n<\/div>\n<\/div>\n<\/div>\n\n\n\n<div class=\"wp-block-group alignfull pattern_multiple_covers has-background-background-color has-background has-global-padding is-layout-constrained wp-block-group-is-layout-constrained\" id=\"services\">\n<div style=\"height:4px\" aria-hidden=\"true\" class=\"wp-block-spacer\"><\/div>\n\n\n\n<h1 class=\"wp-block-heading has-text-align-center has-medium-font-size\" style=\"text-transform:uppercase\">Nos Vins<\/h1>\n\n\n\n<div style=\"height:9px\" aria-hidden=\"true\" class=\"wp-block-spacer\"><\/div>\n\n\n\n<div class=\"wp-block-columns is-layout-flex wp-container-core-columns-is-layout-28f84493 wp-block-columns-is-layout-flex\">\n<div class=\"wp-block-column is-layout-flow wp-block-column-is-layout-flow\" style=\"padding-top:0;padding-right:0;padding-bottom:0;padding-left:0\">\n<div class=\"wp-block-cover is-light has-custom-content-position is-position-bottom-left\" style=\"padding-top:var(--wp--preset--spacing--small);padding-right:var(--wp--preset--spacing--x-small);padding-bottom:var(--wp--preset--spacing--small);padding-left:var(--wp--preset--spacing--x-small)\"><span aria-hidden=\"true\" class=\"wp-block-cover__background has-primary-background-color has-background-dim-10 has-background-dim\"><\/span><img loading=\"lazy\" decoding=\"async\" width=\"719\" height=\"842\" class=\"wp-block-cover__image-background wp-image-208\" alt=\"\" src=\"http:\/\/masdesvolques.fr\/wp-content\/uploads\/2024\/02\/Mas_des_volques_AlbaDolia.jpg\" data-object-fit=\"cover\" srcset=\"https:\/\/masdesvolques.fr\/wp-content\/uploads\/2024\/02\/Mas_des_volques_AlbaDolia.jpg 719w, https:\/\/masdesvolques.fr\/wp-content\/uploads\/2024\/02\/Mas_des_volques_AlbaDolia-256x300.jpg 256w\" sizes=\"auto, (max-width: 719px) 100vw, 719px\" \/><div class=\"wp-block-cover__inner-container is-layout-flow wp-block-cover-is-layout-flow\">\n<h3 class=\"wp-block-heading has-white-color has-text-color has-medium-font-size\" style=\"margin-top:0;margin-right:0;margin-bottom:0;margin-left:0\">ALBA DOLIA<\/h3>\n\n\n\n<p class=\"has-background-color has-text-color has-link-color wp-elements-fc9d234568339be6dac6529850362c6d\" style=\"margin-top:0;margin-right:0;margin-bottom:0;margin-left:0\"><a href=\"https:\/\/masdesvolques.fr\/index.php\/alba-dolia\">En savoir plus<\/a><\/p>\n<\/div><\/div>\n\n\n\n<div class=\"wp-block-cover is-light has-custom-content-position is-position-bottom-left\" style=\"padding-top:var(--wp--preset--spacing--small);padding-right:var(--wp--preset--spacing--x-small);padding-bottom:var(--wp--preset--spacing--small);padding-left:var(--wp--preset--spacing--x-small)\"><span aria-hidden=\"true\" class=\"wp-block-cover__background has-primary-background-color has-background-dim-10 has-background-dim\"><\/span><img loading=\"lazy\" decoding=\"async\" width=\"719\" height=\"843\" class=\"wp-block-cover__image-background wp-image-212\" alt=\"\" src=\"http:\/\/masdesvolques.fr\/wp-content\/uploads\/2024\/02\/Mas_des_volques_Esus.jpg\" data-object-fit=\"cover\" srcset=\"https:\/\/masdesvolques.fr\/wp-content\/uploads\/2024\/02\/Mas_des_volques_Esus.jpg 719w, https:\/\/masdesvolques.fr\/wp-content\/uploads\/2024\/02\/Mas_des_volques_Esus-256x300.jpg 256w\" sizes=\"auto, (max-width: 719px) 100vw, 719px\" \/><div class=\"wp-block-cover__inner-container is-layout-flow wp-block-cover-is-layout-flow\">\n<h3 class=\"wp-block-heading has-white-color has-text-color has-medium-font-size\" style=\"margin-top:0;margin-right:0;margin-bottom:0;margin-left:0\">ESUS<\/h3>\n\n\n\n<p class=\"has-background-color has-text-color has-link-color wp-elements-e7685248b7f751d59deaa6e2a50f0068\" style=\"margin-top:0;margin-right:0;margin-bottom:0;margin-left:0\"><a href=\"https:\/\/masdesvolques.fr\/index.php\/esus\/\">En savoir plus<\/a><\/p>\n<\/div><\/div>\n<\/div>\n\n\n\n<div class=\"wp-block-column is-layout-flow wp-block-column-is-layout-flow\" style=\"padding-top:0;padding-right:0;padding-bottom:0;padding-left:0\">\n<div class=\"wp-block-cover is-light has-custom-content-position is-position-bottom-left\" style=\"padding-top:var(--wp--preset--spacing--small);padding-right:var(--wp--preset--spacing--x-small);padding-bottom:var(--wp--preset--spacing--small);padding-left:var(--wp--preset--spacing--x-small)\"><span aria-hidden=\"true\" class=\"wp-block-cover__background has-primary-background-color has-background-dim-10 has-background-dim\"><\/span><img loading=\"lazy\" decoding=\"async\" width=\"719\" height=\"842\" class=\"wp-block-cover__image-background wp-image-209\" alt=\"\" src=\"http:\/\/masdesvolques.fr\/wp-content\/uploads\/2024\/02\/Mas_des_volques_PorteDeDieu.jpg\" data-object-fit=\"cover\" srcset=\"https:\/\/masdesvolques.fr\/wp-content\/uploads\/2024\/02\/Mas_des_volques_PorteDeDieu.jpg 719w, https:\/\/masdesvolques.fr\/wp-content\/uploads\/2024\/02\/Mas_des_volques_PorteDeDieu-256x300.jpg 256w\" sizes=\"auto, (max-width: 719px) 100vw, 719px\" \/><div class=\"wp-block-cover__inner-container is-layout-flow wp-block-cover-is-layout-flow\">\n<h3 class=\"wp-block-heading has-white-color has-text-color has-medium-font-size\" style=\"margin-top:0;margin-right:0;margin-bottom:0;margin-left:0\">LES PORTES<br>DE DIEU<\/h3>\n\n\n\n<p class=\"has-background-color has-text-color has-link-color wp-elements-1eabe26ecb2729b853c17cb989c6ad35\" style=\"margin-top:0;margin-right:0;margin-bottom:0;margin-left:0\"><a href=\"https:\/\/masdesvolques.fr\/index.php\/portes-de-dieu\/\">En savoir plus<\/a><\/p>\n<\/div><\/div>\n\n\n\n<div class=\"wp-block-cover is-light has-custom-content-position is-position-bottom-left\" style=\"padding-top:var(--wp--preset--spacing--small);padding-right:var(--wp--preset--spacing--x-small);padding-bottom:var(--wp--preset--spacing--small);padding-left:var(--wp--preset--spacing--x-small)\"><span aria-hidden=\"true\" class=\"wp-block-cover__background has-primary-background-color has-background-dim-10 has-background-dim\"><\/span><img loading=\"lazy\" decoding=\"async\" width=\"719\" height=\"843\" class=\"wp-block-cover__image-background wp-image-213\" alt=\"\" src=\"http:\/\/masdesvolques.fr\/wp-content\/uploads\/2024\/02\/Mas_des_volques_Volcae.jpg\" data-object-fit=\"cover\" srcset=\"https:\/\/masdesvolques.fr\/wp-content\/uploads\/2024\/02\/Mas_des_volques_Volcae.jpg 719w, https:\/\/masdesvolques.fr\/wp-content\/uploads\/2024\/02\/Mas_des_volques_Volcae-256x300.jpg 256w\" sizes=\"auto, (max-width: 719px) 100vw, 719px\" \/><div class=\"wp-block-cover__inner-container is-layout-flow wp-block-cover-is-layout-flow\">\n<h3 class=\"wp-block-heading has-white-color has-text-color has-medium-font-size\" style=\"margin-top:0;margin-right:0;margin-bottom:0;margin-left:0\">VOLCAE<\/h3>\n\n\n\n<p class=\"has-background-color has-text-color has-link-color wp-elements-0e4e0ccfac8bb33052666627d80d6fcd\" style=\"margin-top:0;margin-right:0;margin-bottom:0;margin-left:0\"><a href=\"https:\/\/masdesvolques.fr\/index.php\/volcae\/\">En savoir plus<\/a><\/p>\n<\/div><\/div>\n<\/div>\n\n\n\n<div class=\"wp-block-column is-layout-flow wp-block-column-is-layout-flow\" style=\"padding-top:0;padding-right:0;padding-bottom:0;padding-left:0\">\n<div class=\"wp-block-cover is-light has-custom-content-position is-position-bottom-left\" style=\"padding-top:var(--wp--preset--spacing--small);padding-right:var(--wp--preset--spacing--x-small);padding-bottom:var(--wp--preset--spacing--small);padding-left:var(--wp--preset--spacing--x-small)\"><span aria-hidden=\"true\" class=\"wp-block-cover__background has-primary-background-color has-background-dim-10 has-background-dim\"><\/span><img loading=\"lazy\" decoding=\"async\" width=\"719\" height=\"842\" class=\"wp-block-cover__image-background wp-image-210\" alt=\"\" src=\"http:\/\/masdesvolques.fr\/wp-content\/uploads\/2024\/02\/Mas_des_volques_Urnia.jpg\" data-object-fit=\"cover\" srcset=\"https:\/\/masdesvolques.fr\/wp-content\/uploads\/2024\/02\/Mas_des_volques_Urnia.jpg 719w, https:\/\/masdesvolques.fr\/wp-content\/uploads\/2024\/02\/Mas_des_volques_Urnia-256x300.jpg 256w\" sizes=\"auto, (max-width: 719px) 100vw, 719px\" \/><div class=\"wp-block-cover__inner-container is-layout-flow wp-block-cover-is-layout-flow\">\n<h3 class=\"wp-block-heading has-white-color has-text-color has-medium-font-size\" style=\"margin-top:0;margin-right:0;margin-bottom:0;margin-left:0\">URNIA<\/h3>\n\n\n\n<p class=\"has-background-color has-text-color has-link-color wp-elements-b9b29af630f1992b888d94bab55a3bcb\" style=\"margin-top:0;margin-right:0;margin-bottom:0;margin-left:0\"><a href=\"https:\/\/masdesvolques.fr\/index.php\/urnia\/\">En savoir plus<\/a><\/p>\n<\/div><\/div>\n<\/div>\n<\/div>\n\n\n\n<div style=\"height:33px\" aria-hidden=\"true\" class=\"wp-block-spacer\"><\/div>\n<\/div>\n\n\n\n<div class=\"wp-block-cover alignfull has-parallax is-position-center-center\" style=\"border-radius:0px\"><span aria-hidden=\"true\" class=\"wp-block-cover__background has-black-background-color has-background-dim-40 has-background-dim\"><\/span><div role=\"img\" class=\"wp-block-cover__image-background wp-image-61 has-parallax\" style=\"background-position:50% 50%;background-image:url(http:\/\/masdesvolques.fr\/wp-content\/uploads\/2024\/02\/Mas_des_volques_contact.jpg)\"><\/div><div class=\"wp-block-cover__inner-container is-layout-flow wp-block-cover-is-layout-flow\">\n<div class=\"wp-block-group has-global-padding is-layout-constrained wp-block-group-is-layout-constrained\">\n<h3 class=\"wp-block-heading has-text-align-center has-text-color has-medium-font-size\" style=\"color:#fffffa;text-transform:uppercase\">Des questions sur notre domaine ou une envie d&rsquo;\u00e9changer ?<\/h3>\n\n\n\n<div style=\"height:31px\" aria-hidden=\"true\" class=\"wp-block-spacer\"><\/div>\n\n\n\n<div class=\"wp-block-buttons is-horizontal is-content-justification-center is-layout-flex wp-container-core-buttons-is-layout-03627597 wp-block-buttons-is-layout-flex\">\n<div class=\"wp-block-button is-style-outline is-style-outline--2\"><a class=\"wp-block-button__link has-white-color has-text-color wp-element-button\" href=\"https:\/\/masdesvolques.fr\/index.php\/contact\" style=\"border-radius:0px\">Contactez-nous<\/a><\/div>\n<\/div>\n<\/div>\n<\/div><\/div>\n\n\n\n<div id=\"team\" class=\"wp-block-group has-global-padding is-layout-constrained wp-block-group-is-layout-constrained\">\n<div class=\"wp-block-group is-layout-flow wp-block-group-is-layout-flow\">\n<div class=\"wp-block-group alignfull pattern_multiple_covers has-global-padding is-layout-constrained wp-block-group-is-layout-constrained\" id=\"services\">\n<div style=\"height:25px\" aria-hidden=\"true\" class=\"wp-block-spacer\"><\/div>\n\n\n\n<figure class=\"wp-block-gallery has-nested-images columns-default is-cropped wp-block-gallery-3 is-layout-flex wp-block-gallery-is-layout-flex\">\n<figure class=\"wp-block-image size-large\"><img loading=\"lazy\" decoding=\"async\" width=\"1024\" height=\"1024\" data-id=\"97\" src=\"https:\/\/masdesvolques.fr\/wp-content\/uploads\/2024\/02\/4F0A9375-1-1024x1024.png\" alt=\"\" class=\"wp-image-97\" srcset=\"https:\/\/masdesvolques.fr\/wp-content\/uploads\/2024\/02\/4F0A9375-1-1024x1024.png 1024w, https:\/\/masdesvolques.fr\/wp-content\/uploads\/2024\/02\/4F0A9375-1-300x300.png 300w, https:\/\/masdesvolques.fr\/wp-content\/uploads\/2024\/02\/4F0A9375-1-150x150.png 150w, https:\/\/masdesvolques.fr\/wp-content\/uploads\/2024\/02\/4F0A9375-1.png 1500w\" sizes=\"auto, (max-width: 1024px) 100vw, 1024px\" \/><\/figure>\n\n\n\n<figure class=\"wp-block-image size-large\"><img loading=\"lazy\" decoding=\"async\" width=\"1024\" height=\"683\" data-id=\"87\" src=\"http:\/\/masdesvolques.fr\/wp-content\/uploads\/2024\/02\/IMG_1758-1-1024x683.jpg\" alt=\"\" class=\"wp-image-87\" srcset=\"https:\/\/masdesvolques.fr\/wp-content\/uploads\/2024\/02\/IMG_1758-1-1024x683.jpg 1024w, https:\/\/masdesvolques.fr\/wp-content\/uploads\/2024\/02\/IMG_1758-1-300x200.jpg 300w, https:\/\/masdesvolques.fr\/wp-content\/uploads\/2024\/02\/IMG_1758-1-2000x1333.jpg 2000w, https:\/\/masdesvolques.fr\/wp-content\/uploads\/2024\/02\/IMG_1758-1-600x400.jpg 600w, https:\/\/masdesvolques.fr\/wp-content\/uploads\/2024\/02\/IMG_1758-1-1200x800.jpg 1200w\" sizes=\"auto, (max-width: 1024px) 100vw, 1024px\" \/><\/figure>\n\n\n\n<figure class=\"wp-block-image size-large\"><img loading=\"lazy\" decoding=\"async\" width=\"1024\" height=\"1024\" data-id=\"98\" src=\"http:\/\/masdesvolques.fr\/wp-content\/uploads\/2024\/02\/4F0A9340-1024x1024.png\" alt=\"\" class=\"wp-image-98\" srcset=\"https:\/\/masdesvolques.fr\/wp-content\/uploads\/2024\/02\/4F0A9340-1024x1024.png 1024w, https:\/\/masdesvolques.fr\/wp-content\/uploads\/2024\/02\/4F0A9340-300x300.png 300w, https:\/\/masdesvolques.fr\/wp-content\/uploads\/2024\/02\/4F0A9340-150x150.png 150w, https:\/\/masdesvolques.fr\/wp-content\/uploads\/2024\/02\/4F0A9340.png 1500w\" sizes=\"auto, (max-width: 1024px) 100vw, 1024px\" \/><\/figure>\n\n\n\n<figure class=\"wp-block-image size-large\"><img loading=\"lazy\" decoding=\"async\" width=\"1024\" height=\"768\" data-id=\"96\" src=\"http:\/\/masdesvolques.fr\/wp-content\/uploads\/2024\/02\/IMG_1653_4_3-2-1024x768.jpg\" alt=\"\" class=\"wp-image-96\" srcset=\"https:\/\/masdesvolques.fr\/wp-content\/uploads\/2024\/02\/IMG_1653_4_3-2-1024x768.jpg 1024w, https:\/\/masdesvolques.fr\/wp-content\/uploads\/2024\/02\/IMG_1653_4_3-2-300x225.jpg 300w, https:\/\/masdesvolques.fr\/wp-content\/uploads\/2024\/02\/IMG_1653_4_3-2-2000x1500.jpg 2000w\" sizes=\"auto, (max-width: 1024px) 100vw, 1024px\" \/><\/figure>\n\n\n\n<figure class=\"wp-block-image size-large\"><img loading=\"lazy\" decoding=\"async\" width=\"1024\" height=\"683\" data-id=\"95\" src=\"https:\/\/masdesvolques.fr\/wp-content\/uploads\/2024\/02\/4F0A9507-2-1024x683.png\" alt=\"\" class=\"wp-image-95\" srcset=\"https:\/\/masdesvolques.fr\/wp-content\/uploads\/2024\/02\/4F0A9507-2-1024x683.png 1024w, https:\/\/masdesvolques.fr\/wp-content\/uploads\/2024\/02\/4F0A9507-2-300x200.png 300w, https:\/\/masdesvolques.fr\/wp-content\/uploads\/2024\/02\/4F0A9507-2-600x400.png 600w, https:\/\/masdesvolques.fr\/wp-content\/uploads\/2024\/02\/4F0A9507-2-1200x800.png 1200w, https:\/\/masdesvolques.fr\/wp-content\/uploads\/2024\/02\/4F0A9507-2.png 1500w\" sizes=\"auto, (max-width: 1024px) 100vw, 1024px\" \/><\/figure>\n<\/figure>\n\n\n\n<div style=\"height:31px\" aria-hidden=\"true\" class=\"wp-block-spacer\"><\/div>\n<\/div>\n\n\n\n<div style=\"height:0px\" aria-hidden=\"true\" class=\"wp-block-spacer\"><\/div>\n<\/div>\n<\/div>\n","protected":false},"excerpt":{"rendered":"<p>VIGNOBLE FAMILIAL AUX PORTES DES C\u00c9VENNES C\u2019est en 2010 que le Mas des Volques voit le jour. La production du vignoble familial o\u00f9 se sont succ\u00e9d\u00e9es 4 g\u00e9n\u00e9rations de vignerons, \u00e9tait jusque l\u00e0 destin\u00e9e \u00e0 une cave coop\u00e9rative. Nicolas Souchon d\u00e9cide alors avec l\u2019aide et les conseils de Philippe Cambie, \u0153nologue r\u00e9put\u00e9 de la vall\u00e9e &hellip; <\/p>\n<p class=\"link-more\"><a href=\"https:\/\/masdesvolques.fr\/\" class=\"more-link\">Lire la suite de<span class=\"screen-reader-text\">\u00ab\u00a0Homepage\u00a0\u00bb<\/span><\/a><\/p>\n","protected":false},"author":1,"featured_media":0,"parent":0,"menu_order":0,"comment_status":"closed","ping_status":"closed","template":"page-templates\/homepage-no-hero.php","meta":{"footnotes":""},"class_list":["post-9","page","type-page","status-publish","hentry"],"featured_media_urls":[],"_links":{"self":[{"href":"https:\/\/masdesvolques.fr\/index.php\/wp-json\/wp\/v2\/pages\/9","targetHints":{"allow":["GET"]}}],"collection":[{"href":"https:\/\/masdesvolques.fr\/index.php\/wp-json\/wp\/v2\/pages"}],"about":[{"href":"https:\/\/masdesvolques.fr\/index.php\/wp-json\/wp\/v2\/types\/page"}],"author":[{"embeddable":true,"href":"https:\/\/masdesvolques.fr\/index.php\/wp-json\/wp\/v2\/users\/1"}],"replies":[{"embeddable":true,"href":"https:\/\/masdesvolques.fr\/index.php\/wp-json\/wp\/v2\/comments?post=9"}],"version-history":[{"count":48,"href":"https:\/\/masdesvolques.fr\/index.php\/wp-json\/wp\/v2\/pages\/9\/revisions"}],"predecessor-version":[{"id":215,"href":"https:\/\/masdesvolques.fr\/index.php\/wp-json\/wp\/v2\/pages\/9\/revisions\/215"}],"wp:attachment":[{"href":"https:\/\/masdesvolques.fr\/index.php\/wp-json\/wp\/v2\/media?parent=9"}],"curies":[{"name":"wp","href":"https:\/\/api.w.org\/{rel}","templated":true}]}}